what is 43 - 23?
20
In base 5, what is 4410 + 0?
4410
In base 4, what is 1 + 2300?
2301
In base 13, what is -7 + -149?
-153
In base 3, what is -11002 + -111?
-11120
In base 4, what is 13303 + 1?
13310
In base 5, what is 1 - -1324?
1330
In base 6, what is -3041 - 1?
-3042
In base 8, what is -3 + 101?
76
In base 8, what is 2 + -417?
-415
In base 2, what is 111 - -1010110?
1011101
In base 16, what is 794 - -5?
799
In base 10, what is -2 - 4?
-6
In base 15, what is -1d1 - -5?
-1cb
In base 10, what is -469 + -4?
-473
In base 15, what is -7d + 2?
-7b
In base 13, what is 1517 + 3?
151a
In base 11, what is 3 + 56?
59
In base 8, what is 3 - -132?
135
In base 6, what is -101 + -43?
-144
In base 9, what is -1 + 1105?
1104
In base 13, what is -2980 + 4?
-2979
In base 3, what is -11112102 + -12?
-11112121
In base 10, what is 3 + -1751?
-1748
In base 9, what is -55 + 110?
44
In base 9, what is 246 - 5?
241
In base 5, what is 20 + 143?
213
In base 5, what is 4 + -10?
-1
In base 5, what is 3 - 2122?
-2114
In base 3, what is -1 - -11?
10
In base 10, what is -3 + 466?
463
In base 7, what is 61 - 43?
15
In base 2, what is 11001 + 100?
11101
In base 12, what is -2 + -86?
-88
In base 7, what is -1 + -1102?
-1103
In base 16, what is -1 - 4fc?
-4fd
In base 4, what is 20011 - 302?
13103
In base 2, what is -100 + 111?
11
In base 6, what is -135433 - 3?
-135440
In base 2, what is -1111 - 101010110?
-101100101
In base 15, what is 3 - 35a?
-357
In base 14, what is -4 + -29db?
-2a01
In base 5, what is -1 + -114?
-120
In base 10, what is 126 + -14?
112
In base 8, what is 156 + 1?
157
In base 15, what is 10e - -9?
118
In base 13, what is 1 + 147?
148
In base 4, what is -200222 + -3?
-200231
In base 6, what is -1304 + 1?
-1303
In base 11, what is -1310 + 5?
-1306
In base 8, what is 1015 + -12?
1003
In base 8, what is -2 - 110?
-112
In base 7, what is -6 + -232?
-241
In base 2, what is -10 + 1001?
111
In base 9, what is -2 + -253?
-255
In base 3, what is 1011001121 - 0?
1011001121
In base 12, what is -12 - 74?
-86
In base 6, what is -3145 - 2?
-3151
In base 2, what is -1011 + 1010?
-1
In base 14, what is 3 + -16?
-13
In base 3, what is -212212 + 0?
-212212
In base 12, what is -384 + 13?
-371
In base 13, what is 4 - -25?
29
In base 2, what is -10001111 - 10?
-10010001
In base 4, what is 12 - 203?
-131
In base 12, what is -226b + 3?
-2268
In base 11, what is 400 + 6?
406
In base 3, what is 0 - -100220?
100220
In base 4, what is 3 + -110?
-101
In base 13, what is -37 + -460?
-497
In base 3, what is 10 + -12110?
-12100
In base 11, what is -a5 + -6?
-100
In base 3, what is 1 - 11222?
-11221
In base 6, what is -1323 - -1?
-1322
In base 9, what is 4 - 632?
-627
In base 7, what is -1 - 14?
-15
In base 2, what is -1010100 + -101?
-1011001
In base 9, what is 15 + 80?
105
In base 4, what is -1103 + 23?
-1020
In base 12, what is -124 + 1?
-123
In base 12, what is 79 + 5?
82
In base 2, what is 10 + 101011?
101101
In base 5, what is 1231 - 103?
1123
In base 11, what is 7a - 7?
73
In base 2, what is 1010000101 + -1001?
1001111100
In base 15, what is -1 + -4?
-5
In base 15, what is 20 - -5?
25
In base 13, what is -4a7 - c?
-4b6
In base 14, what is 8 - -1d1?
1d9
In base 10, what is 474 + -5?
469
In base 13, what is 7 + -3ac?
-3a5
In base 7, what is -5136 + -16?
-5155
In base 6, what is -1 + -1314?
-1315
In base 9, what is 4 - 313?
-308
In base 4, what is -1010 - 2111?
-3121
In base 10, what is -259 + 5?
-254
In base 7, what is 616 - 3?
613
In base 11, what is -1 + 19?
18
In base 2, what is -111101 + -100?
-1000001
In base 7, what is 4 + -421?
-414
In base 7, what is 4 - -1451?
1455
In base 3, what is -122 + 122?
0
In base 10, what is -15 + 1?
-14
In base 2, what is -1110000011011 + 10?
-1110000011001
In base 3, what is 2020100 + 2?
2020102
In base 11, what is -44 + -3a?
-83
In base 3, what is -1 - -10102?
10101
In base 15, what is 8 + -7e?
-76
In base 9, what is 4 + 136?
141
In base 9, what is 16 + -1282?
-1265
In base 16, what is d89 + -2?
d87
In base 13, what is a02 - -2?
a04
In base 11, what is -100 - 5?
-105
In base 7, what is 320 - 15?
302
In base 12, what is 5 + -3?
2
In base 9, what is -3 + 8?
5
In base 11, what is -4 + -527?
-530
In base 3, what is 200 + -201?
-1
In base 2, what is -10110 - -1101?
-1001
In base 13, what is 4 + 15?
19
In base 7, what is 210 + -1?
206
In base 9, what is 161 - -2?
163
In base 12, what is -111 + -3?
-114
In base 3, what is -2021121002 - -12?
-2021120220
In base 5, what is -230 - 3341?
-4121
In base 9, what is 384 - 0?
384
In base 7, what is -10 - 155?
-165
In base 16, what is -10b0 - -2?
-10ae
In base 9, what is 7 - -3?
11
In base 5, what is 4330 - 3?
4322
In base 15, what is -6 + 44?
3d
In base 13, what is 5 - -1c2?
1c7
In base 12, what is b1 + 1?
b2
In base 4, what is 2 + 11120?
11122
In base 8, what is -1 - -2103?
2102
In base 6, what is 105 - 133?
-24
In base 10, what is 3 + -2379?
-2376
In base 14, what is -3c - 14?
-52
In base 5, what is 304 + -113?
141
In base 10, what is 1163 - -9?
1172
In base 4, what is 221033 + 10?
221103
In base 16, what is -3 - 3c?
-3f
In base 15, what is aa - -1?
ab
In base 11, what is 5 + 171a?
1724
In base 14, what is 3 + c83?
c86
In base 2, what is -11 + 1101001?
1100110
In base 2, what is 101 - 100100?
-11111
In base 4, what is -3021 + 10?
-3011
In base 5, what is -23 - 1230?
-1303
In base 2, what is -11001011 - -1010?
-11000001
In base 5, what is -20 - -4?
-11
In base 9, what is 3 + -137?
-134
In base 6, what is 1452 + -1?
1451
In base 14, what is 5 + 21a?
221
In base 7, what is 1154 - 0?
1154
In base 3, what is -2 - 11211202?
-11211211
In base 13, what is 147 - 3?
144
In base 16, what is -6 - -3?
-3
In base 7, what is 20 + 2?
22
In base 10, what is -2 - -822?
820
In base 13, what is -2 + a?
8
In base 8, what is 3 - -12?
15
In base 8, what is 6 + -406?
-400
In base 10, what is -5 - 306?
-311
In base 4, what is 3 - 11131?
-11122
In base 2, what is 1010000011 + 0?
1010000011
In base 16, what is -1 + -45?
-46
In base 14, what is -2 - -4c?
4a
In base 2, what is 1 + 1000000111?
1000001000
In base 8, what is -5212 + -4?
-5216
In base 6, what is 23 - 25?
-2
In base 8, what is 255 - -42?
317
In base 15, what is -4 - -8?
4
In base 8, what is -2 - -1637?
1635
In base 6, what is 2 + 31124?
31130
In base 10, what is -3 + 3257?
3254
In base 8, what is -2 - 237?
-241
In base 11, what is -670 - -23?
-648
In base 13, what is -3 - -60?
5a
In base 11, what is -16 - -12?
-4
In base 14, what is -4 + 605?
601
In base 4, what is 22112 + -1?
22111
In base 4, what is 100303 + -3?
100300
In base 3, what is -2011 + 10121?
1110
In base 5, what is 24 - -21?
100
In base 5, what is -33123 - -1?
-33122
In base 14, what is 6 + -3d?
-37
In base 5, what is 0 + -143?
-143
In base 14, what is 1 - -177?
178
In base 15, what is -12 + -6e?
-81
In base 13, what is -95 - -5?
-90
In base 10, what is -2308 - -3?
-2305
In base 14, what is 0 + -326?
-326
In base 14, what is -98 - c?
-a6
In base 3, what is -10 + -20000?
-20010
In base 5, what is 3 + 22434?
22442
In base 8, what is 5524 + -2?
5522
In base 6, what is 4 + 441?
445
In base 16, what is a3 + -2?
a1
In base 12, what is 9 + -b6?
-a9
In base 2, what is -111 - -111101?
110110
In base 16, what is -6 - 317?
-31d
In base 16, what is 82 + 18?
9a
In base 4, what is -30231 - 11?
-30302
In base 2, what is 110111 + 11101100?
100100011
In base 10, what is 765 + 5?
770
In base 14, what is -27b + -1d?
-29a
In base 11, what is 111 - 139?
-28
In base 5, what is -21 + -1?
-22
In base 12, what is 627 - 4?
623
In base 5, what is 212403 - -4?
212412
In base 7, what is 54 - -163?
250
In base 3, what is 12 - 111?
-22
In base 13, what is 2 - -10?
12
In base 2, what is 1000 + 11000?
100000
In base 11, what is 49 + 1?
4a
In base 3, what is -22022 + -22?
-22121
In base 3, what is 1202020200 + -1?
1202020122
In base 14, what is -2 - 321?
-323
In base 14, what is -2 - -5ca?
5c8
In base 8, what is -54 - 16?
-72
In base 14, what is 3bb4 + 4?
3bb8
In base 15, what is 4 - 970?
-96b
In base 7, what is 230 - 12?
215
In base 4, what is -132 - -20?
-112
In base 13, what is -101b - -1?
-101a
In base 6, what is 4203 - 2?
4201
In base 13, what is 29c + 12?
2b1
In base 10, what is 508 + -2?
506
In base 10, what is -589 - -2?
-587
In base 7